mon divisor of 7 and d?
7
Let m = 5024 + -974. What is the highest common divisor of m and 150?
150
Let u(j) = 7*j - 3. Let i be -1 + (-2 - -2) - 12/3. Let k(v) = -v**2 - 8*v - 10. Let w be k(i). Let s be u(w). Calculate the greatest common factor of s and 64.
32
Let j(o) = 2*o + 15. Let x be j(-11). Let l = x + 7. Suppose l = 9*p - 27*p + 216. Calculate the greatest common divisor of 156 and p.
12
Let m be (-30)/(-8) - (-15)/(-20). Suppose -109 = -m*o + 2693. Suppose 2*j + 746 = -0*i + 4*i, j = 5*i - o. What is the greatest common factor of 17 and i?
17
Let v be (184/138)/((-4)/(-30)). Calculate the greatest common divisor of 10 and v.
10
Let f(a) be the first derivative of -35*a**2/2 + 268*a + 110. Let u be f(7). Calculate the highest common divisor of 92 and u.
23
Suppose 0 = -18*c + 14*c - j - 173, 3*j = -3*c - 132. Suppose -b = -4*b - 120. Let p = b - c. Calculate the highest common factor of 3 and p.
3
Let m be ((-2250)/12*-4)/(6/128). Calculate the highest common factor of m and 128.
128
Suppose 5*g = -4*n + 15, -6*g - 24 = -2*g - 4*n. Let p be (-18)/(15/70*g). Let a be (2 + -23)*(-4)/6. Calculate the greatest common divisor of p and a.
14
Let y = 216 - 197. Suppose y*x = 3*x + 832. Calculate the highest common factor of 104 and x.
52
Let r(h) = -9*h + 509. Let f be r(56). What is the greatest common divisor of 4680 and f?
5
Let s = 30569 + -24173. What is the highest common divisor of 936 and s?
156
Suppose -l + 184 = z, -4*l = 60*z - 58*z - 358. What is the highest common factor of 2142 and z?
63
Let b(j) = 4*j**2 + 18*j + 2. Let y be b(-8). Suppose 0 = -5*u - 114 + y. Suppose u*t = -15*t + 15. What is the highest common divisor of 5 and t?
1
Suppose -47*x + 3623 = -11605. Calculate the highest common divisor of x and 468.
36
Suppose -208*a = -3473 - 4912 - 143. Calculate the greatest common divisor of 17 and a.
1
Let g = -68 - -128. Let r = 6547 - 6517. What is the greatest common divisor of g and r?
30
Let x = 6439 - 5115. Calculate the highest common divisor of x and 6951.
331
Suppose 23 + 65 = 4*z. Suppose -16*g = -5*g - z. What is the highest common factor of 14 and g?
2
Suppose 0 = -3*r - r + 32. Suppose -t = -3*h + t - 376, 0 = 4*h + 5*t + 486. Let b = 126 + h. Calculate the highest common factor of r and b.
2
Suppose 6*v - v - 9*g - 13225 = 0, v = -2*g + 2645. What is the highest common factor of v and 69?
23
Let g = 2547 + -2207. Calculate the greatest common divisor of 289 and g.
17
Let r be 94 + 3 + -4 + 3. Suppose 4*a - 97*a = -558. Calculate the greatest common factor of r and a.
6
Suppose -13*b - 108 = -b. Let x be ((-315)/4)/b + 7/28. Calculate the greatest common factor of x and 18.
9
Suppose 5*x - 3*x = 14. Suppose -3*o = 4*w - 17, -20*w + 23*w - 14 = -2*o. Let h be (-2)/(x/((-84)/w)) - -132. What is the greatest common divisor of 15 and h?
15
Suppose -28*w = -4634 - 4914. Suppose -320 = w*t - 349*t. Suppose -16 = 2*s + 2*s, -4*s - 136 = -3*h. Calculate the greatest common divisor of t and h.
40
Let t = -95 - -115. Suppose 0*y = y + 5*y. Let v be 30/12*((y - 0) + 2). Calculate the highest common factor of v and t.
5
Let h(m) be the first derivative of 2*m**3/3 + 7*m**2 + 19*m - 15. Let w be h(-9). Calculate the highest common divisor of 330 and w.
55
Suppose 0 = -3*k - l + 554, 8*l + 550 = 3*k + 7*l. Calculate the highest common factor of 1242 and k.
46
Let s(b) = b**2 + 18*b - 13. Let z be s(14). Let k be 4*(-3)/(-8) - z/(-10). What is the highest common divisor of k and 5?
5
Let j = -6750 + 9050. What is the highest common factor of j and 345?
115
Suppose -50 = -523*m + 513*m. Suppose 2681 - 2791 = -m*v. Calculate the highest common divisor of v and 352.
22
Let p be (-104)/13*990/(-176). Calculate the greatest common divisor of 1350 and p.
45
Let k(c) = c**2 - 11*c + 5. Let x be k(7). Let m = -11 - x. Suppose -14*n + 11*n + 5*s = -72, 4*n - 2*s = 96. Calculate the greatest common factor of m and n.
12
Let g(x) = 15*x**2 + 25*x + 139. Let o be g(-15). What is the highest common divisor of o and 129?
43
Let u be (-17)/2*6468/(-2499). What is the highest common divisor of u and 11264?
22
Let r be (0 - -5)*(11/55 - -5). Suppose 4*y - 352 = 116. What is the greatest common factor of r and y?
13
Suppose -36456 = -318*p - 74*p. Calculate the highest common divisor of p and 8525.
31
Suppose 56 = -2*a + r + 60, 5*a = 2*r + 11. Let h be a/(-5)*620/(-124). Calculate the greatest common factor of h and 3.
3
Let r be (-4290)/(-132) + 1/(-2). Suppose 5*m - 46 = -2*s, 2*m - 94 = -5*s - 0*m. Let b = 130 - s. What is the highest common divisor of b and r?
16
Let s be (-499688)/(-36) + -5 - (-10)/(-45). Suppose -26*p + p = -s. Calculate the greatest common factor of 333 and p.
111
Suppose 0 = -2*v + 4*v - 14. Let i(g) = 72*g - 5808. Let r be i(83). What is the highest common divisor of v and r?
7
Let a(n) = -n. Let o(f) = -41*f**2 + 5*f + 1. Let b(q) = -5*a(q) - o(q). Let j be b(1). Let c = 80993 + -80983. What is the greatest common divisor of j and c?
10
Let g = 534 + -456. Suppose 2*u = g - 74, u = 2*q - 10. What is the highest common divisor of 186 and q?
6
Let t be 6/(-10) + 1110/(-25). Let o be t/(-6)*(-96)/(-5). Let y(c) = 41*c - 64. Let v be y(2). What is the highest common factor of o and v?
18
Let y(x) = -92 - 80 - 108 + 364 - 2*x. Let g be y(-7). What is the greatest common factor of 147 and g?
49
Let o = -15 + 16. Suppose -2 = -x + o. Let b = 48 - 39. What is the greatest common factor of b and x?
3
Suppose 0 = 5*u + 3*t - 201, -2*u - 2*t + 111 = 25. What is the highest common factor of u and 369?
9
Let x = -4678 - -5092. What is the greatest common divisor of 99 and x?
9
Let j be (1/(-2) + 7050/20)/(1 + 1). What is the highest common divisor of 80 and j?
16
Let j(i) = i**3 - 17*i**2 - 50*i - 40. Let m be j(20). What is the highest common factor of 34880 and m?
160
Let j be (-6)/((-23)/1932*-12*(-4)/2). Let v be 16/6 - 2/3. Suppose -5*b = v - 17. What is the highest common factor of j and b?
3
Let j(d) = 4*d**2 - 29*d - 14. Let x be j(8). Calculate the highest common factor of 6590 and x.
10
Suppose 1525 - 1723 = -6*a. Let d be 55/(-20)*(0 - 36). Calculate the highest common factor of d and a.
33
Let j be -1*(80/(-42) + (-60)/630). Suppose j*y + 10 = 0, 0 = 3*n - 8*n - 4*y + 250. Calculate the greatest common factor of 216 and n.
54
Suppose v + 471 = 5*n - 1819, -3*v = -2*n + 903. Calculate the greatest common factor of 243 and n.
27
Let q = -4358 + 5871. Suppose -j - 2*j = -267. Calculate the greatest common factor of q and j.
89
Let s be (-15)/3 + -50 + 5. Let p = 130 - s. What is the highest common divisor of 72 and p?
36
Suppose 3995 = 6*y + 3977. Let m = -3 + 3. Suppose m = 5*o - 4*r - 138, -4*r = 4*o - y*o - 42. Calculate the highest common divisor of 12 and o.
6
Let f(i) = -164*i + 542. Let s be f(3). Suppose 3*a + 28 = 268. What is the highest common factor of a and s?
10
Suppose 45*l + 1080 = -817 + 9592. Calculate the highest common divisor of l and 36.
9
Suppose -3*u = -y - 6 - 0, 0 = 5*y. Let t(z) = 3 + 4*z**2 - 5*z**u + 4 - 11*z + 2. Let o be t(-11). Calculate the highest common factor of o and 90.
9
Let w = 311 + -223. Let v be (-2*(-21)/(-4))/((-33)/w). What is the greatest common divisor of v and 4?
4
Suppose -1151274 = -677*g + 70034. What is the greatest common factor of g and 492?
164
Suppose -40*r = 90*r - 18*r - 257600. What is the highest common divisor of 8 and r?
4
Let h = 31 + -3. Suppose 26*k - h*k = 10, r + 4*k = 115. Calculate the greatest common divisor of 5 and r.
5
Let u = -33395 - -47546. Calculate the greatest common divisor of 159 and u.
159
Suppose 11*l = 385 + 110. Suppose f = 23 + 52. Let s be ((-18)/(-15))/(3/f). What is the greatest common factor of s and l?
15
Let b be (6*-1)/(25/(-50)). Suppose r - 3 - b = 0. What is the greatest common divisor of r and 9?
3
Suppose 5*p = -7*p. Suppose -t + 20 = 4*o - 13, 4*o + 3*t - 35 = p. Suppose 3*v - o*v = -130. Calculate the highest common divisor of 65 and v.
13
Let j(g) = -298*g - 1941. Let s be j(-7). Calculate the greatest common divisor of s and 58.
29
Let a = 4 - 0. Let m be 2/40*12 + 1870/50. Calculate the highest common divisor of m and a.
2
Let o = 284 + -189. Let a be (9/54)/((-1)/(-30)). Calculate the greatest common factor of